. Let h(r) be the first derivative of r**3/3 - 7*r**2/2 - 21*r - 39. Let j be h(-12). Calculate the highest common factor of j and z.
23
Let m be (-218)/(-9) - (129/129 + 7/(-9)). What is the greatest common factor of 1312 and m?
8
Let k = 13 + 2. Let p = 460 + -402. Let s be (p/10 - 1) + (-18)/(-90). What is the highest common factor of k and s?
5
Let x be 32*(-640)/(-19) + 6/57. What is the greatest common factor of 660 and x?
22
Let f(b) = -3*b - 19. Let k be (-21)/(-3)*(-2)/2. Let s be f(k). Let h = s + 213. Calculate the highest common factor of 86 and h.
43
Let h = 878 - 845. Let z be (116/6)/((-130)/h - -4). Calculate the greatest common factor of 29 and z.
29
Suppose -76*a = -242*a + 332. Calculate the greatest common factor of 153 and a.
1
Suppose 3*u = 5*a + 269 + 296, -5*a + 5*u - 575 = 0. Let o = a - -214. Calculate the greatest common divisor of 13 and o.
13
Suppose 0 = -4*u - u - 25. Let l = 26 - u. Let o = 9 - -22. Calculate the greatest common factor of o and l.
31
Let u(g) = -8*g - 6. Let h be u(-2). Suppose 0 = h*p - 208 - 142. What is the greatest common factor of p and 7?
7
Suppose -83 = -5*c + 5*x - 3, -c + 16 = x. Let y(v) = v + 32. Let a be y(-26). Suppose -a*d + 236 = -4. Calculate the highest common divisor of d and c.
8
Let m = 1 - -16. Let t(v) = 1190*v + 4097. Let k be t(-3). What is the highest common divisor of m and k?
17
Let c(p) = 101*p + 25. Let l(t) = 2*t + 1. Let g(u) = -c(u) - 4*l(u). Let i be g(-5). What is the greatest common divisor of i and 43?
43
Let j(l) be the third derivative of 139*l**6/120 - l**5/30 - l**4/12 + l**3/2 - 41*l**2 - 1. Let y be j(1). Calculate the greatest common divisor of y and 69.
69
Suppose 0 = -3*t + t - 3*j + 1011, -2*t + 5*j = -1003. Suppose -39*w - t = -46*w. What is the greatest common divisor of w and 48?
24
Let k be (-2 + 5)*(2 - -3). Let m be (-46)/(-345) + 793/k. Calculate the greatest common factor of m and 477.
53
Suppose -4*d - 548 = -4*s, -5*s - d = 2*d - 653. Calculate the greatest common factor of 19 and s.
19
Suppose -7*p - 48 = -10*p. Suppose -i - 26 = -62*b + 58*b, i = 3*b - 20. Calculate the highest common factor of b and p.
2
Suppose -40 = -n - 3*p, 5*n + 31*p - 34*p = 146. Let h = -403 - -682. Calculate the greatest common factor of n and h.
31
Let c(g) = -3*g**2 + 33*g + 40. Let o be c(12). Suppose 4*z - 3*q - 744 = 3*z, 4*q = -o*z + 2960. What is the greatest common divisor of 57 and z?
57
Let q(j) = 10*j**3 - j**2 - j - 4. Let h be q(2). Let r = h + 89. What is the highest common factor of 53 and r?
53
Suppose 0 = -7*p - p + 16. Let l be -6 + p + 3 + 79. What is the highest common divisor of 208 and l?
26
Let r be 3 + (42/(-7) - -8). Suppose -5*w = -f - 488, 4*w - r*f = -10 + 392. What is the highest common divisor of w and 42?
14
Suppose 87*l = -66*l + 121*l + 320. What is the highest common divisor of 3285 and l?
5
Suppose 3*t - 87241 = -4*f, 670*t - 3*f = 673*t - 87240. Calculate the highest common divisor of t and 81.
81
Let m = -17 - -199. Let w = m - 101. Let u = 1079 - 1070. Calculate the greatest common factor of u and w.
9
Suppose 45166 = 11*x + 16126. Calculate the highest common factor of 60 and x.
60
Let d = -5830 + 6150. What is the greatest common factor of d and 220?
20
Suppose 93*d - i = 89*d + 5244, -6530 = -5*d - 5*i. What is the highest common divisor of 30 and d?
10
Let b(o) = -5*o**2 + 81*o - 8. Let j be b(5). What is the highest common divisor of 578 and j?
34
Let m(z) = -3*z**2 - 29*z - 28. Suppose -38*i = 106 + 198. Let v be m(i). What is the highest common divisor of v and 24?
12
Let x(f) = 5*f**2 - 3*f - 4. Let h be x(3). Suppose -2*k - 2*c = -70, 31 - 46 = -k - 5*c. Calculate the highest common factor of h and k.
8
Let i = 3 + -1. Let u = 249 - 249. Suppose 4*y - 20 = u, i*z - y = z + 8. Calculate the greatest common divisor of 13 and z.
13
Let k(c) = c + 27. Let l = -12 - -5. Let j be k(l). Calculate the greatest common divisor of j and 10.
10
Let s(w) = -2*w + 2. Let d be s(-2). Suppose -5*x + d = -6*x. Let o(z) = -z + 2. Let j be o(x). Calculate the greatest common divisor of j and 20.
4
Let w(a) = a**2 - 2*a - 2. Let r(p) = -11*p + 8. Let s be r(3). Let c = 24 + s. Let z be w(c). Calculate the highest common factor of 5 and z.
1
Let d be ((-34)/3)/((70/(-21))/5). Let a be 5*3/15*d. What is the greatest common factor of 391 and a?
17
Let q(v) = -24*v - 149. Let x be q(-7). Suppose -3*j + 27 = -30. Calculate the greatest common divisor of x and j.
19
Suppose -x = 4*x + 85. Let j = x - -35. Let y be 91 + -4 + 2 + 1. What is the greatest common divisor of j and y?
18
Let c = -28817 + 29020. What is the greatest common factor of c and 252?
7
Let l(g) = 11*g**2 - 118*g - 238. Let h be l(-2). What is the greatest common divisor of 4578 and h?
42
Let n be (4 + 0 + -2)/(-1). Let l be 64/(-6)*(n - (2 + -1)). Suppose 0*b + y - 31 = -2*b, -61 = -4*b - 3*y. What is the highest common divisor of b and l?
16
Let m(o) = 2*o - 2. Let r be m(2). Let l(a) = 6 - 3*a**2 + 5*a**2 + 6*a**2 - 4*a. Let c be l(r). What is the greatest common divisor of c and 120?
30
Let d be 18 + (-3)/(8 - 135/18). What is the highest common divisor of 5124 and d?
12
Let k be 10/4 - 64/128. Suppose s - 9 = -u, 0 = 3*u + 2*s - 4*s - k. What is the highest common factor of 2 and u?
2
Let l be (-6*(-4)/30)/((-10)/(-100)). Let q(r) = -2*r**2 - 6*r - 5. Let t be q(-4). Let p = -5 - t. What is the greatest common factor of p and l?
8
Let m be 309/7 + (19 - 1206/63). Let v be (73 - 4/(-1))*4. Calculate the highest common factor of v and m.
44
Let d be 5280/66*((-6)/(-12) + 0). Suppose -n = 3, -2*g + 9 + 8 = n. Calculate the greatest common divisor of g and d.
10
Suppose 282 = -a + 3*a. Suppose 0 = 4*g + 3*p - a, -5*p = 4*g - 0*g - 139. Suppose 11157 = 43*j - 1227. Calculate the highest common factor of g and j.
36
Suppose 5*a + 44*a - 28126 = 0. What is the greatest common divisor of a and 28?
14
Let f be (-5*(-6 + 9))/(6/152). Let t be (f + -7)*(5 + -6). Calculate the highest common divisor of 9 and t.
9
Let c(i) = i**2 - 56*i + 117. Let g be c(65). What is the greatest common divisor of 1350 and g?
54
Let o(z) = 14*z + 9 + z - z**3 - 36*z**2 + 50*z**2. Let a be o(15). What is the greatest common divisor of a and 387?
9
Let l(d) = 56*d**2 + 2*d + 2. Let b be l(-1). Suppose -p - b = -58. What is the highest common divisor of 16 and p?
2
Let x(f) = -f**2 - 16*f + 18. Suppose 5*k - 35 = -110. Let w be x(k). What is the greatest common factor of 121 and w?
11
Suppose -181272 + 34072 = -230*n. Calculate the greatest common divisor of n and 2360.
40
Let a = 10 + -8. Suppose 57 = 4*d + 5*x, d - 2*x = -a*d + 37. Let l be -2*6/((-60)/325). What is the highest common divisor of d and l?
13
Let x be (-2)/(-4)*25/(300/888). Suppose -x*q + 3122 = 5*j - 36*q, 3128 = 5*j + 4*q. What is the highest common divisor of j and 39?
39
Let l be (-155)/(-15) + (-2)/6. Suppose 2*r = 4*r + 4*h - 72, 3*h = -5*r + 159. Let v be ((-10)/r)/(2/(-150)). Calculate the greatest common factor of l and v.
5
Suppose 0 = 4*i - 3*j + 18 - 102, 80 = 3*i + 2*j. Suppose 5*r - 778 = -1193. Let w = r + 131. What is the highest common divisor of w and i?
24
Let h be -2*5/(5/2). Let w(q) be the third derivative of -q**4 + 3*q**3/2 + 3*q**2 + 26. Let b be w(h). What is the highest common factor of b and 42?
21
Let x(r) = -r**3 + 2*r**2 + r - 5. Let s be x(3). Suppose -h - 677 = 3*h + 5*j, -868 = 5*h - j. Let g = s - h. Calculate the greatest common factor of g and 18.
18
Let o = 21481 + -20189. Calculate the greatest common divisor of o and 988.
76
Let d = -10972 - -15397. Calculate the greatest common divisor of d and 3245.
295
Suppose 2*b = -2*n - 0*b - 8, -2*n + 2*b = -8. Suppose n*k - 296 = -3*r - k, -3*k = 3*r - 288. Calculate the highest common divisor of r and 10.
10
Suppose -3*h - 7061 - 2301 = -5*m, -2*m + 3724 = 4*h. What is the greatest common divisor of 33 and m?
11
Let c be (21/(2/(-2)))/(12/(-8)). Suppose -c*j = -j + 117. Let w(y) = y**3 + 7*y**2 - 16*y + 19. Let p be w(j). What is the greatest common factor of p and 13?
1
Let m be 18/(-48) - 1355/(-8). Let k = m + -151. Calculate the highest common factor of 78 and k.
6
Suppose 0 = -5*h - 20, 4*i - 5*h - 2394 = 562. Let n = i + -722. What is the grea